{"id":188,"date":"2025-03-22T16:05:35","date_gmt":"2025-03-22T20:05:35","guid":{"rendered":"https:\/\/www.cssk.ca\/new\/?page_id=188"},"modified":"2025-03-22T16:05:36","modified_gmt":"2025-03-22T20:05:36","slug":"edmonton-history","status":"publish","type":"page","link":"https:\/\/www.cssk.ca\/fr\/our-community\/edmonton-history\/","title":{"rendered":"Histoire"},"content":{"rendered":"<p class=\"p1\">La section d\u2019Edmonton de l\u2019Association nationale tch\u00e9coslovaque au Canada, comme notre organisation s\u2019appelait \u00e0 l\u2019\u00e9poque, a \u00e9t\u00e9 fond\u00e9e le 18 juin 1939 en tant que section num\u00e9ro 21. Selon un article du premier pr\u00e9sident, Emanuel Zima, publi\u00e9 dans l\u2019Almanach de la Tch\u00e9coslovaquie au Canada, \u00e9dit\u00e9 en 1943, Edmonton \u00e9tait alors une ville plut\u00f4t agricole, avec tr\u00e8s peu d\u2019industrie, \u00e0 l\u2019exception de quatre grands abattoirs. \u00c0 ce moment-l\u00e0, la ville comptait environ 125 000 habitants. Les quatre premi\u00e8res familles d\u2019origine tch\u00e9coslovaque se sont install\u00e9es \u00e0 Edmonton en 1900. Apr\u00e8s 28 ans, on comptait douze familles \u00e9tablies de fa\u00e7on permanente, et m\u00eame en 1943, seulement 25 \u00e0 30 familles vivaient encore dans la ville et ses environs. Les compatriotes c\u00e9libataires ou ceux ayant laiss\u00e9 leur \u00e9pouse au \u00ab pays d\u2019origine \u00bb ne faisaient que passer \u00e0 Edmonton. Ils se dispersaient ensuite pour aller travailler dans les fermes environnantes, les camps forestiers ou les mines de charbon. Les plus entreprenants chassaient le gibier ou cherchaient de l\u2019or.<\/p>\n<p class=\"p1\">Ce n\u2019est qu\u2019en 1938 que les membres de la communaut\u00e9 ont commenc\u00e9 \u00e0 mieux se conna\u00eetre et \u00e0 se regrouper. Apr\u00e8s les Accords de Munich, la section d\u2019Edmonton a commenc\u00e9 \u00e0 organiser des soir\u00e9es maison avec des collectes de fonds pour soutenir le mouvement de lib\u00e9ration. En 1940, la section a accueilli une d\u00e9l\u00e9gation du si\u00e8ge central de Toronto, compos\u00e9e de Karel Buzek et Pavel Kl\u00edmek. Une assembl\u00e9e communautaire a eu lieu dans la salle nationale slovaque dans la banlieue de Beverley, o\u00f9 les invit\u00e9s ont parl\u00e9 du r\u00f4le de l\u2019Association nationale et ont encourag\u00e9 les compatriotes \u00e0 s\u2019impliquer davantage. Le 16 octobre 1941, Edmonton a accueilli le s\u00e9nateur Vojta Bene\u0161, fr\u00e8re du pr\u00e9sident Edvard Bene\u0161. Son discours a \u00e9t\u00e9 diffus\u00e9 \u00e0 la radio. Le 28 octobre 1942, la station locale CFRN a consacr\u00e9 plus d\u2019une heure de diffusion \u00e0 une c\u00e9r\u00e9monie tenue \u00e0 la salle polonaise \u00e0 l\u2019occasion de la visite d\u2019une mission militaire tch\u00e9coslovaque. Cette mission \u00e9tait dirig\u00e9e par le lieutenant-colonel de l\u2019aviation Jan Ambru\u0161 et le premier lieutenant de l\u2019arm\u00e9e de terre Rudolf Nekola, accompagn\u00e9s du secr\u00e9taire g\u00e9n\u00e9ral de l\u2019Association nationale tch\u00e9coslovaque, Karel Buzek. Le but de cette mission \u00e9tait d\u2019informer les groupes communautaires de tout le Canada sur les \u00e9v\u00e9nements dans la patrie. M\u00eame si la majorit\u00e9 des immigrants n\u2019avaient pas encore la citoyennet\u00e9 canadienne, plusieurs se sont port\u00e9s volontaires pour l\u2019arm\u00e9e canadienne \u00e0 l\u2019issue de ces rencontres. Le soutien \u00e0 l\u2019effort de guerre canadien repr\u00e9sentait un volet important du programme de l\u2019Association durant cette p\u00e9riode troubl\u00e9e. \u00c0 Edmonton, on a recueilli des fonds pour l\u2019achat d\u2019un avion de chasse \u00ab Spitfire \u00bb ainsi que pour la Croix-Rouge canadienne. Une collecte a aussi \u00e9t\u00e9 organis\u00e9e pour un \u00ab fonds de cigarettes \u00bb destin\u00e9 aux soldats au front. Sur le plan culturel, les compatriotes ont impressionn\u00e9 le public canadien avec un concert du violoniste Jan Kubel\u00edk.<\/p>\n<p class=\"p1\">Nous n\u2019avons pas acc\u00e8s \u00e0 des archives d\u00e9taill\u00e9es concernant les ann\u00e9es d\u2019apr\u00e8s-guerre. Cependant, nous savons qu\u2019en 1968, le pr\u00e9sident de la section \u00e9tait M. Schoengut. Plusieurs r\u00e9fugi\u00e9s de la grande vague migratoire de cette ann\u00e9e-l\u00e0, \u00e0 laquelle notre si\u00e8ge central a contribu\u00e9 par son intervention aupr\u00e8s du gouvernement canadien, se souviennent encore d\u2019Emanuel Zima, mentionn\u00e9 plus haut, qui les accueillait dans leur nouveau pays et les aidait autant qu\u2019il le pouvait. En 1969, John Holub a pris la pr\u00e9sidence de la section. L\u2019actuel pr\u00e9sident honoraire, le Dr Ji\u0159\u00ed Krupi\u010dka, se souvient d\u2019une d\u00e9l\u00e9gation men\u00e9e en 1969 par John Holub, compos\u00e9e de Ji\u0159\u00ed Krupi\u010dka et du c\u00e9l\u00e8bre acteur et producteur Vladim\u00edr Valenta. Cette d\u00e9l\u00e9gation a \u00e9t\u00e9 re\u00e7ue par le premier ministre de l\u2019Alberta, Harry Strom, et plusieurs membres de son cabinet, qui ont exprim\u00e9 leur int\u00e9r\u00eat pour les exp\u00e9riences des deux hommes dans les prisons communistes. Par la suite, une conf\u00e9rence des d\u00e9l\u00e9gu\u00e9s de groupes ethniques a eu lieu \u00e0 la r\u00e9sidence officielle du lieutenant-gouverneur. Le gouvernement albertain a alors d\u00e9cid\u00e9 de soutenir le multiculturalisme, tel que promu par le s\u00e9nateur d\u2019origine ukrainienne du Manitoba, Paul Yuzyk, environ six mois avant que le gouvernement f\u00e9d\u00e9ral ne le fasse.<\/p>\n<p class=\"p1\">Du 1er d\u00e9cembre 1969 au 31 d\u00e9cembre 1975, Vladim\u00edr Valenta a publi\u00e9 \u00e0 Edmonton son journal <i>Telegram<\/i>, auquel il a r\u00e9ussi \u00e0 faire collaborer les \u00e9poux \u0160kvoreck\u00fd. Cette publication litt\u00e9raire et politique a surv\u00e9cu gr\u00e2ce \u00e0 l\u2019\u00e9nergie de son fondateur, aux contributions de ses amis et \u00e0 des dons occasionnels. Parmi les collaborateurs, on retrouvait, en plus de Josef \u0160kvoreck\u00fd, Mojm\u00edr Povoln\u00fd, Vladim\u00edr Krajina, Jan Bene\u0161, Ota Ul\u010d, V\u00e1clav Majer et d\u2019autres. \u00c0 Edmonton, Milan Vos\u00e1hlo a travaill\u00e9 en \u00e9troite collaboration avec lui. Lors de l\u2019assembl\u00e9e annuelle de la section le 1er mars 1971, Anton\u00edn And\u011bl a \u00e9t\u00e9 \u00e9lu pr\u00e9sident et Martin Sk\u00e1la, secr\u00e9taire. Cette m\u00eame ann\u00e9e, le 15 d\u00e9cembre, une section locale de la Soci\u00e9t\u00e9 tch\u00e9coslovaque des sciences et des arts (SVU) a \u00e9t\u00e9 fond\u00e9e \u00e0 Edmonton. Ivo Morav\u010d\u00edk en est devenu le pr\u00e9sident. Le groupe a commenc\u00e9 ses activit\u00e9s en projetant la s\u00e9rie historique de l\u2019ONF <i>Struggle on the Border<\/i>. Outre la projection de films, la SVU organisait aussi des conf\u00e9rences sp\u00e9cialis\u00e9es sur divers sujets. En 1973, gr\u00e2ce aux efforts du couple St\u0159\u00edbrn\u00fd, la section d\u2019Edmonton de l\u2019Association tch\u00e9coslovaque au Canada (\u010cSSK) a organis\u00e9 au Mus\u00e9e provincial une exposition sur la Tch\u00e9coslovaquie, pr\u00e9sentant son histoire, son architecture et son folklore. Jarom\u00edr St\u0159\u00edbrn\u00fd a \u00e9t\u00e9 pr\u00e9sident de la section pendant la majeure partie des ann\u00e9es 1970 et la premi\u00e8re moiti\u00e9 des ann\u00e9es 1980. En parall\u00e8le, les compatriotes se r\u00e9unissaient aussi en dehors de l\u2019Association. \u00c0 cette \u00e9poque, des soir\u00e9es dansantes \u00e9taient organis\u00e9es par un groupe trappeur et des Slovaques, des matchs de soccer, de hockey et de volleyball avaient lieu, et les volleyeurs jouaient jusqu\u2019\u00e0 trois fois par semaine. On note aussi la visite du c\u00e9l\u00e8bre auteur-compositeur-interpr\u00e8te Karel Kryl.<\/p>\n","protected":false},"excerpt":{"rendered":"<p>La section d\u2019Edmonton de l\u2019Association nationale tch\u00e9coslovaque au Canada, comme notre organisation s\u2019appelait \u00e0 l\u2019\u00e9poque, a \u00e9t\u00e9 fond\u00e9e le 18 juin 1939 en tant que section num\u00e9ro 21. Selon un article du premier pr\u00e9sident, Emanuel Zima, publi\u00e9 dans l\u2019Almanach de la Tch\u00e9coslovaquie au Canada, \u00e9dit\u00e9 en 1943, Edmonton \u00e9tait alors une ville plut\u00f4t agricole, avec [&hellip;]<\/p>\n","protected":false},"author":2,"featured_media":0,"parent":15,"menu_order":0,"comment_status":"closed","ping_status":"closed","template":"","meta":{"footnotes":""},"class_list":["post-188","page","type-page","status-publish","hentry","branch-edmonton"],"_links":{"self":[{"href":"https:\/\/www.cssk.ca\/fr\/wp-json\/wp\/v2\/pages\/188","targetHints":{"allow":["GET"]}}],"collection":[{"href":"https:\/\/www.cssk.ca\/fr\/wp-json\/wp\/v2\/pages"}],"about":[{"href":"https:\/\/www.cssk.ca\/fr\/wp-json\/wp\/v2\/types\/page"}],"author":[{"embeddable":true,"href":"https:\/\/www.cssk.ca\/fr\/wp-json\/wp\/v2\/users\/2"}],"replies":[{"embeddable":true,"href":"https:\/\/www.cssk.ca\/fr\/wp-json\/wp\/v2\/comments?post=188"}],"version-history":[{"count":2,"href":"https:\/\/www.cssk.ca\/fr\/wp-json\/wp\/v2\/pages\/188\/revisions"}],"predecessor-version":[{"id":733,"href":"https:\/\/www.cssk.ca\/fr\/wp-json\/wp\/v2\/pages\/188\/revisions\/733"}],"up":[{"embeddable":true,"href":"https:\/\/www.cssk.ca\/fr\/wp-json\/wp\/v2\/pages\/15"}],"wp:attachment":[{"href":"https:\/\/www.cssk.ca\/fr\/wp-json\/wp\/v2\/media?parent=188"}],"curies":[{"name":"wp","href":"https:\/\/api.w.org\/{rel}","templated":true}]}}

<p class="p1">La section d’Edmonton de l’Association nationale tchécoslovaque au Canada, comme notre organisation s’appelait à l’époque, a été fondée le 18 juin 1939 en tant que section numéro 21. Selon un article du premier président, Emanuel Zima, publié dans l’Almanach de la Tchécoslovaquie au Canada, édité en 1943, Edmonton était alors une ville plutôt agricole, avec très peu d’industrie, à l’exception de quatre grands abattoirs. À ce moment-là, la ville comptait environ 125 000 habitants. Les quatre premières familles d’origine tchécoslovaque se sont installées à Edmonton en 1900. Après 28 ans, on comptait douze familles établies de façon permanente, et même en 1943, seulement 25 à 30 familles vivaient encore dans la ville et ses environs. Les compatriotes célibataires ou ceux ayant laissé leur épouse au « pays d’origine » ne faisaient que passer à Edmonton. Ils se dispersaient ensuite pour aller travailler dans les fermes environnantes, les camps forestiers ou les mines de charbon. Les plus entreprenants chassaient le gibier ou cherchaient de l’or.</p>
<p class="p1">Ce n’est qu’en 1938 que les membres de la communauté ont commencé à mieux se connaître et à se regrouper. Après les Accords de Munich, la section d’Edmonton a commencé à organiser des soirées maison avec des collectes de fonds pour soutenir le mouvement de libération. En 1940, la section a accueilli une délégation du siège central de Toronto, composée de Karel Buzek et Pavel Klímek. Une assemblée communautaire a eu lieu dans la salle nationale slovaque dans la banlieue de Beverley, où les invités ont parlé du rôle de l’Association nationale et ont encouragé les compatriotes à s’impliquer davantage. Le 16 octobre 1941, Edmonton a accueilli le sénateur Vojta Beneš, frère du président Edvard Beneš. Son discours a été diffusé à la radio. Le 28 octobre 1942, la station locale CFRN a consacré plus d’une heure de diffusion à une cérémonie tenue à la salle polonaise à l’occasion de la visite d’une mission militaire tchécoslovaque. Cette mission était dirigée par le lieutenant-colonel de l’aviation Jan Ambruš et le premier lieutenant de l’armée de terre Rudolf Nekola, accompagnés du secrétaire général de l’Association nationale tchécoslovaque, Karel Buzek. Le but de cette mission était d’informer les groupes communautaires de tout le Canada sur les événements dans la patrie. Même si la majorité des immigrants n’avaient pas encore la citoyenneté canadienne, plusieurs se sont portés volontaires pour l’armée canadienne à l’issue de ces rencontres. Le soutien à l’effort de guerre canadien représentait un volet important du programme de l’Association durant cette période troublée. À Edmonton, on a recueilli des fonds pour l’achat d’un avion de chasse « Spitfire » ainsi que pour la Croix-Rouge canadienne. Une collecte a aussi été organisée pour un « fonds de cigarettes » destiné aux soldats au front. Sur le plan culturel, les compatriotes ont impressionné le public canadien avec un concert du violoniste Jan Kubelík.</p>
<p class="p1">Nous n’avons pas accès à des archives détaillées concernant les années d’après-guerre. Cependant, nous savons qu’en 1968, le président de la section était M. Schoengut. Plusieurs réfugiés de la grande vague migratoire de cette année-là, à laquelle notre siège central a contribué par son intervention auprès du gouvernement canadien, se souviennent encore d’Emanuel Zima, mentionné plus haut, qui les accueillait dans leur nouveau pays et les aidait autant qu’il le pouvait. En 1969, John Holub a pris la présidence de la section. L’actuel président honoraire, le Dr Jiří Krupička, se souvient d’une délégation menée en 1969 par John Holub, composée de Jiří Krupička et du célèbre acteur et producteur Vladimír Valenta. Cette délégation a été reçue par le premier ministre de l’Alberta, Harry Strom, et plusieurs membres de son cabinet, qui ont exprimé leur intérêt pour les expériences des deux hommes dans les prisons communistes. Par la suite, une conférence des délégués de groupes ethniques a eu lieu à la résidence officielle du lieutenant-gouverneur. Le gouvernement albertain a alors décidé de soutenir le multiculturalisme, tel que promu par le sénateur d’origine ukrainienne du Manitoba, Paul Yuzyk, environ six mois avant que le gouvernement fédéral ne le fasse.</p>
<p class="p1">Du 1er décembre 1969 au 31 décembre 1975, Vladimír Valenta a publié à Edmonton son journal <i>Telegram</i>, auquel il a réussi à faire collaborer les époux Škvorecký. Cette publication littéraire et politique a survécu grâce à l’énergie de son fondateur, aux contributions de ses amis et à des dons occasionnels. Parmi les collaborateurs, on retrouvait, en plus de Josef Škvorecký, Mojmír Povolný, Vladimír Krajina, Jan Beneš, Ota Ulč, Václav Majer et d’autres. À Edmonton, Milan Vosáhlo a travaillé en étroite collaboration avec lui. Lors de l’assemblée annuelle de la section le 1er mars 1971, Antonín Anděl a été élu président et Martin Skála, secrétaire. Cette même année, le 15 décembre, une section locale de la Société tchécoslovaque des sciences et des arts (SVU) a été fondée à Edmonton. Ivo Moravčík en est devenu le président. Le groupe a commencé ses activités en projetant la série historique de l’ONF <i>Struggle on the Border</i>. Outre la projection de films, la SVU organisait aussi des conférences spécialisées sur divers sujets. En 1973, grâce aux efforts du couple Stříbrný, la section d’Edmonton de l’Association tchécoslovaque au Canada (ČSSK) a organisé au Musée provincial une exposition sur la Tchécoslovaquie, présentant son histoire, son architecture et son folklore. Jaromír Stříbrný a été président de la section pendant la majeure partie des années 1970 et la première moitié des années 1980. En parallèle, les compatriotes se réunissaient aussi en dehors de l’Association. À cette époque, des soirées dansantes étaient organisées par un groupe trappeur et des Slovaques, des matchs de soccer, de hockey et de volleyball avaient lieu, et les volleyeurs jouaient jusqu’à trois fois par semaine. On note aussi la visite du célèbre auteur-compositeur-interprète Karel Kryl.</p>

<p>La section d’Edmonton de l’Association nationale tchécoslovaque au Canada, comme notre organisation s’appelait à l’époque, a été fondée le 18 juin 1939 en tant que section numéro 21. Selon un article du premier président, Emanuel Zima, publié dans l’Almanach de la Tchécoslovaquie au Canada, édité en 1943, Edmonton était alors une ville plutôt agricole, avec [&hellip;]</p>
